 divided by 31.
10
Calculate the remainder when 170 is divided by 20.
10
What is the remainder when 192 is divided by 43?
20
Calculate the remainder when 193 is divided by 39.
37
What is the remainder when 661 is divided by 111?
106
What is the remainder when 5634 is divided by 60?
54
What is the remainder when 297 is divided by 71?
13
What is the remainder when 1179 is divided by 10?
9
What is the remainder when 472 is divided by 14?
10
What is the remainder when 301 is divided by 77?
70
What is the remainder when 244 is divided by 38?
16
What is the remainder when 67030 is divided by 168?
166
Calculate the remainder when 8003 is divided by 108.
11
Calculate the remainder when 1083 is divided by 42.
33
What is the remainder when 2931 is divided by 89?
83
Calculate the remainder when 1786 is divided by 27.
4
Calculate the remainder when 148 is divided by 144.
4
What is the remainder when 1178 is divided by 169?
164
What is the remainder when 260 is divided by 135?
125
What is the remainder when 181 is divided by 10?
1
Calculate the remainder when 1910 is divided by 91.
90
What is the remainder when 2004 is divided by 1998?
6
What is the remainder when 977 is divided by 9?
5
Calculate the remainder when 17 is divided by 8.
1
What is the remainder when 3263 is divided by 96?
95
What is the remainder when 612 is divided by 170?
102
What is the remainder when 801 is divided by 4?
1
What is the remainder when 198 is divided by 113?
85
What is the remainder when 114 is divided by 23?
22
Calculate the remainder when 94 is divided by 32.
30
Calculate the remainder when 9862 is divided by 3286.
4
Calculate the remainder when 207 is divided by 55.
42
What is the remainder when 425 is divided by 90?
65
Calculate the remainder when 107 is divided by 41.
25
What is the remainder when 4328 is divided by 61?
58
What is the remainder when 280 is divided by 12?
4
What is the remainder when 213 is divided by 20?
13
Calculate the remainder when 4809 is divided by 17.
15
Calculate the remainder when 765 is divided by 157.
137
Calculate the remainder when 37635 is divided by 123.
120
What is the remainder when 1050 is divided by 40?
10
What is the remainder when 173 is divided by 25?
23
What is the remainder when 108 is divided by 11?
9
Calculate the remainder when 9069 is divided by 48.
45
Calculate the remainder when 980 is divided by 22.
12
Calculate the remainder when 813 is divided by 102.
99
Calculate the remainder when 3522 is divided by 221.
207
Calculate the remainder when 775 is divided by 217.
124
What is the remainder when 4607 is divided by 8?
7
Calculate the remainder when 247 is divided by 122.
3
What is the remainder when 6644 is divided by 24?
20
What is the remainder when 606 is divided by 7?
4
What is the remainder when 138 is divided by 14?
12
What is the remainder when 447 is divided by 146?
9
Calculate the remainder when 543 is divided by 55.
48
What is the remainder when 368 is divided by 42?
32
What is the remainder when 637 is divided by 58?
57
Calculate the remainder when 844 is divided by 65.
64
What is the remainder when 2734 is divided by 74?
70
Calculate the remainder when 164 is divided by 42.
38
What is the remainder when 122 is divided by 35?
17
Calculate the remainder when 3966 is divided by 81.
78
Calculate the remainder when 7188 is divided by 107.
19
Calculate the remainder when 403 is divided by 58.
55
What is the remainder when 535 is divided by 49?
45
Calculate the remainder when 106 is divided by 39.
28
Calculate the remainder when 107 is divided by 16.
11
Calculate the remainder when 317 is divided by 29.
27
Calculate the remainder when 871 is divided by 20.
11
Calculate the remainder when 177 is divided by 64.
49
Calculate the remainder when 2021 is divided by 128.
101
What is the remainder when 880 is divided by 126?
124
Calculate the remainder when 282 is divided by 56.
2
Calculate the remainder when 126 is divided by 41.
3
What is the remainder when 37 is divided by 30?
7
Calculate the remainder when 405 is divided by 11.
9
Calculate the remainder when 2001 is divided by 14.
13
Calculate the remainder when 478 is divided by 120.
118
What is the remainder when 965 is divided by 240?
5
What is the remainder when 17 is divided by 3?
2
What is the remainder when 3556 is divided by 74?
4
Calculate the remainder when 1597 is divided by 89.
84
Calculate the remainder when 157 is divided by 37.
9
Calculate the remainder when 4439 is divided by 185.
184
Calculate the remainder when 3776 is divided by 1887.
2
Calculate the remainder when 887 is divided by 4.
3
What is the remainder when 562 is divided by 24?
10
Calculate the remainder when 276 is divided by 93.
90
What is the remainder when 9647 is divided by 25?
22
Calculate the remainder when 451 is divided by 226.
225
Calculate the remainder when 589 is divided by 74.
71
Calculate the remainder when 714 is divided by 103.
96
What is the remainder when 417 is divided by 28?
25
What is the remainder when 361 is divided by 35?
11
Calculate the remainder when 76 is divided by 13.
11
Calculate the remainder when 2042 is divided by 33.
29
Calculate the remainder when 44 is divided by 17.
10
What is the remainder when 2330 is divided by 98?
76
Calculate the remainder when 550 is divided by 276.
274
What is the remainder when 123 is divided by 19?
9
What is the remainder when 363 is divided by 13?
12
What is the remainder when 269 is divided by 39?
35
Calculate the remainder when 2458 is divided by 82.
80
What is the remainder when 225 is divided by 85?
55
Calculate the remainder when 492 is divided by 231.
30
Calculate the remainder when 2941 is divided by 67.
60
What is the remainder when 8875 is divided by 33?
31
What is the remainder when 860 is divided by 190?
100
What is the remainder when 15367 is divided by 29?
26
Calculate the remainder when 151 is divided by 40.
31
What is the remainder when 317 is divided by 82?
71
Calculate the remainder when 1007 is divided by 12.
11
What is the remainder when 1044 is divided by 75?
69
What is the remainder when 1472 is divided by 245?
2
What is the remainder when 191 is divided by 33?
26
What is the remainder when 291 is divided by 144?
3
What is the remainder when 367 is divided by 53?
49
What is the remainder when 1425 is divided by 202?
11
What is the remainder when 1133 is divided by 21?
20
Calculate the remainder when 1884 is divided by 597.
93
Calculate the remainder when 154 is divided by 53.
48
Calculate the remainder when 738 is divided by 57.
54
Calculate the remainder when 41 is divided by 15.
11
Calculate the remainder when 1242 is divided by 106.
76
Calculate the remainder when 680 is divided by 318.
44
What is the remainder when 40 is divided by 14?
12
What is the remainder when 2432 is divided by 29?
25
What is the remainder when 9933 is divided by 54?
51
Calculate the remainder when 457 is divided by 49.
16
What is the remainder when 788 is divided by 18?
14
What is the remainder when 188 is divided by 7?
6
What is the remainder when 41 is divided by 2?
1
Calculate the remainder when 163 is divided by 42.
37
Calculate the remainder when 461 is divided by 195.
71
Calculate the remainder when 7364 is divided by 21.
14
What is the remainder when 187 is divided by 38?
35
Calculate the remainder when 91 is divided by 19.
15
Calculate the remainder when 763 is divided by 36.
7
Calculate the remainder when 367 is divided by 41.
39
Calculate the remainder when 65 is divided by 34.
31
What is the remainder when 15526 is divided by 31?
26
Calculate the remainder when 907 is divided by 217.
39
What is the remainder when 857 is divided by 12?
5
Calculate the remainder when 188 is divided by 27.
26
What is the remainder when 1908 is divided by 21?
18
What is the remainder when 735 is divided by 92?
91
What is the remainder when 39934 is divided by 104?
102
What is the remainder when 618 is divided by 13?
7
What is the remainder when 91 is divided by 14?
7
What is the remainder when 527 is divided by 105?
2
What is the remainder when 573 is divided by 64?
61
What is the remainder when 522 is divided by 5?
2
Calculate the remainder when 583 is divided by 29.
3
What is the remainder when 3141 is divided by 224?
5
Calculate the rema